-20).
-2039
Let b(j) = 3159*j - 745531. Calculate b(236).
-7
Let s(j) = -j**3 + 81*j**2 + 609*j + 36. Give s(88).
-580
Let a(z) = -2775*z - 129890. Determine a(-46).
-2240
Let j(b) = 161828*b + 2103757. Give j(-13).
-7
Let d(b) = -75*b + 1189. Calculate d(14).
139
Let y(c) = 5*c**3 + 845*c**2 - 7*c - 1177. What is y(-169)?
6
Let l(w) = -w**3 + 531*w**2 - 562*w + 17276. Determine l(530).
316
Let s(v) = 2*v**3 + 9*v**2 - 36*v - 568. Determine s(6).
-28
Let h(q) = -304*q**2 - 5179*q - 21966. Determine h(-8).
10
Let j(n) = -1800*n - 404893. Determine j(-225).
107
Let z(y) = 12*y**2 + 2609*y + 16211. What is z(-211)?
-36
Let k(g) = g**3 - 206*g**2 - 6535*g - 65844. Determine k(235).
-44
Let k(n) = 5*n**3 - 302*n**2 + 1235*n - 382. What is k(56)?
-214
Let t(y) = -y**3 - 59*y**2 - 1051*y - 11630. What is t(-40)?
10
Let p(x) = 5100*x + 96760. Determine p(-19).
-140
Let d(b) = -1015*b + 24106. Give d(24).
-254
Let h(b) = 210*b - 22076. Calculate h(105).
-26
Let u(x) = -28*x**3 - 297*x**2 - 158*x + 117. Calculate u(-10).
-3
Let m(t) = t**3 + 169*t**2 + 526*t - 21949. Calculate m(-165).
161
Let l(q) = -2*q**2 - 6*q + 1523. Give l(-33).
-457
Let f(k) = -6*k**3 + 353*k**2 - 722*k + 25043. Give f(58).
-13
Let h(r) = -2*r**3 + 14*r**2 - 839*r + 17994. What is h(16)?
-38
Let v(c) = c**3 + 68*c**2 + 969*c + 11. Give v(-23).
1529
Let s(k) = k**2 - 1469*k - 168628. Give s(-107).
4
Let q(o) = 2*o**3 - 15*o**2 + 97*o - 501. What is q(6)?
-27
Let q(v) = 123*v + 1746. Give q(-11).
393
Let q(o) = -o**3 + 11*o**2 - 3524*o + 35250. Determine q(10).
110
Let o(b) = b**2 - 2345*b - 179010. Calculate o(-74).
-4
Let l(i) = 41888*i + 83784. Give l(-2).
8
Let s(l) = -l**3 - 36*l**2 - 555*l - 4135. Determine s(-18).
23
Let a(y) = y**3 - 12*y**2 + 246*y - 1711. What is a(8)?
1
Let t(k) = 17*k**2 - 41*k - 2136. Give t(-10).
-26
Let p(f) = -6*f**2 + 92*f + 47. Calculate p(12).
287
Let f(n) = -2133520*n + 4. What is f(0)?
4
Let t(p) = 156*p + 9046. Calculate t(-59).
-158
Let p(h) = -h**3 - 11*h**2 + 3534*h + 38924. Determine p(-11).
50
Let s(z) = 115*z**3 - z**2 + 496*z + 496. Give s(-1).
-116
Let y(s) = 1073*s**2 - 65477*s + 1469. What is y(61)?
5
Let p(l) = -2628*l - 102488. Calculate p(-39).
4
Let j(n) = -211*n + 35779. Give j(169).
120
Let g(x) = -x**3 - 16*x**2 - 169*x - 280. Determine g(-5).
290
Let d(o) = 13*o**3 + 76*o**2 - 862*o - 5125. Determine d(-6).
-25
Let x(s) = 5*s**3 + 3*s**2 + 8894*s - 26850. Calculate x(3).
-6
Let x(g) = -162814*g + 3256279. Determine x(20).
-1
Let g(j) = 10*j**3 + 92*j**2 + 312*j + 2642. What is g(-9)?
-4
Let d(g) = g**3 + 621*g**2 + 3049*g - 19068. Give d(-616).
28
Let p(l) = 561*l + 12139. Calculate p(-23).
-764
Let q(k) = -1393*k + 15459. What is q(9)?
2922
Let b(f) = 94*f - 42151. Give b(456).
713
Let h(z) = 2*z**3 - 82*z**2 - 160*z + 37. Calculate h(43).
553
Let l(t) = 279*t**3 + 31*t + 31. Give l(-1).
-279
Let t(j) = j**3 + 21*j**2 - 254*j - 4523. Calculate t(-23).
261
Let q(c) = -83*c - 1067. Give q(-12).
-71
Let p(t) = 87*t**2 - 1062*t + 208. Determine p(12).
-8
Let o(m) = 6*m**2 - 308*m + 4030. Determine o(25).
80
Let j(g) = -g**3 - 37*g**2 + 10*g + 1042. Give j(-35).
-1758
Let l(z) = z**2 - 8*z - 4473. Give l(-67).
552
Let p(b) = -530*b - 7711. Give p(-16).
769
Let i(u) = -77594*u + 7604201. What is i(98)?
-11
Let h(z) = -z**2 - 690*z - 21665. Calculate h(-33).
16
Let n(t) = 423*t - 4902. Determine n(11).
-249
Let f(u) = -u**2 - 417690*u - 7. What is f(0)?
-7
Let k(x) = x**2 - 92*x + 2724. What is k(24)?
1092
Let f(a) = 378612*a + 757226. Determine f(-2).
2
Let f(n) = -n**2 + 200*n + 184457. Determine f(541).
-24
Let x(v) = -7913*v - 237384. Calculate x(-30).
6
Let r(m) = -m**2 - 136907*m - 2190267. Calculate r(-16).
-11
Let l(n) = -4*n**2 - 543*n + 3088. Give l(-144).
-1664
Let h(r) = r**2 - 15*r - 1442. What is h(45)?
-92
Let x(h) = 453227*h + 5438750. Determine x(-12).
26
Let c(f) = -f**3 - 41*f**2 - 233*f + 40. Calculate c(-34).
-130
Let m(q) = 961255*q - 12496312. Calculate m(13).
3
Let b(r) = -175359*r + 4383970. Give b(25).
-5
Let k(p) = -2576*p + 59259. Give k(23).
11
Let n(d) = 12296*d - 135386. Determine n(11).
-130
Let r(s) = -s**3 - 728*s**2 - 757*s - 21829. Give r(-727).
-19
Let q(m) = -1658*m**2 - 8290*m - 20. Give q(-5).
-20
Let r(l) = -1117*l - 34936. What is r(-31)?
-309
Let h(x) = -x**2 - 7727*x - 154130. Give h(-20).
10
Let p(m) = 685*m + 17705. Determine p(-18).
5375
Let a(l) = l**2 - 182*l + 722. Determine a(4).
10
Let w(u) = -u**3 + 18*u**2 - 87*u - 15. Give w(8).
-71
Let c(l) = -l**3 + 94*l**2 - 1494*l + 313. Calculate c(20).
33
Let u(z) = -z**3 + 62*z**2 - 4*z + 261. What is u(62)?
13
Let r(v) = v**2 - 75*v - 1036. Calculate r(89).
210
Let m(j) = j**2 + 205643*j - 1439553. Give m(7).
-3
Let w(b) = b**3 - 186*b**2 - 938*b - 3571. Calculate w(191).
-324
Let b(a) = 15*a**2 + 169*a + 480. What is b(-7)?
32
Let p(g) = -7684*g + 15292. Give p(2).
-76
Let b(g) = g**3 + 193*g**2 + 7379*g - 1867. Determine b(-53).
306
Let y(k) = 739*k**3 + 12564*k**2 + 25*k - 15. Give y(-17).
-151
Let u(g) = g**3 + 25*g**2 + 41*g + 109. Give u(-24).
-299
Let b(j) = 212*j - 4922. What is b(14)?
-1954
Let s(i) = -3612*i + 18258. What is s(5)?
198
Let c(j) = 9402*j + 1024821. What is c(-109)?
3
Let u(r) = -10*r**2 + 390*r - 3942. Determine u(10).
-1042
Let y(w) = -22629*w + 10364076. Calculate y(458).
-6
Let o(h) = -8897*h - 133156. Give o(-15).
299
Let y(f) = 18*f**3 + 72*f**2 + 33*f + 116. Determine y(-4).
-16
Let a(k) = 6218*k - 551. Determine a(0).
-551
Let d(h) = 30336*h - 364836. Give d(12).
-804
Let x(k) = 3*k**2 - 286*k - 191. Determine x(97).
294
Let s(p) = 14500*p + 158600. Determine s(-11).
-900
Let f(i) = -9*i**3 - 6*i**2 - 878*i - 1733. What is f(-2)?
71
Let x(g) = -g**3 + 509*g**2 + 2564*g + 3856. Give x(514).
772
Let f(a) = a**3 + 63*a**2 + 260*a + 89. Determine f(-4).
-7
Let p(l) = 417*l**2 - 475*l - 1. What is p(2)?
717
Let n(j) = -19633*j - 804959. Give n(-41).
-6
Let d(y) = 9*y**3 - 2001*y**2 + 645*y + 4652. Determine d(222).
-10
Let i(n) = -2839*n - 462756. Determine i(-163).
1
Let k(b) = -b**2 - 8010*b - 900127. What is k(-114)?
17
Let o(h) = -12591*h + 25675. Calculate o(2).
493
Let p(z) = 4*z**2 - 215*z - 829318. What is p(483)?
-7
Let v(s) = 545*s**2 - 5960*s - 377. Give v(11).
8
Let n(z) = 18489*z**2 - 92443*z + 40. Calculate n(5).
50
Let f(l) = 2*l**2 + 16013*l - 32035. Give f(2).
-1
Let m(y) = y**2 + 391*y + 29706. Determine m(-103).
42
Let p(o) = o**3 + 46*o**2 - 623*o - 21139. Determine p(-50).
11
Let s(z) = -z**2 - 6125*z + 1813457. What is s(283)?
-7
Let b(r) = -2*r**2 + 1914*r - 94127. What is b(52)?
-7
Let j(i) = 26*i**2 - 2320*i + 51749. Calculate j(44).
5
Let y(s) = -526*s**2 + 6311*s + 8. Give y(12).
-4
Let p(n) = -19617*n + 941617. Give p(48).
1
Let z(b) = -10127*b - 2238067. Give z(-221).
0
Let s(a) = -32125*a - 1027981. Calculate s(-32).
19
Let m(s) = 44*s**2 + 20053*s - 4980. Determine m(-456).
36
Let y(g) = -4611*g - 525628. Determine y(-114).
26
Let k(n) = 60*n**2 + 248*n + 406. Calculate k(-6).
1078
Let r(q) = 298*q - 38. Determine r(-6).
-1826
Let l(n) = 2*n**3 + 14*n**2 - 563*n - 3409. Give l(-6).
41
Let g(j) = 355020*j + 1065055. Calculate g(-3).
-5
Let j(k) = 177*k**2 - 7*k - 48. Determine j(0).
-48
Let s(l) = 200*l**2 + 3917*l + 8783. Give s(-17).
-6
Let a(q) = 9*q**3 - 8*q**2 + 6932*q - 6929. Give a(1).
4
Let q(c) = -3509*c + 1754484. What is q(500)?
-16
Let m(f) = 2*f**2 - 433*f + 23832. Give m(73).
2881
Let p(q) = 28273*q + 64829987. Give p(-2293).
-2
Let b(o) = o**3 - 34*o**2 - 124*o - 1033. Calculate b(38).
31
Let f(o) = 43365*o - 476875. Calculate f(11).
140
Let h(x) = -5*x**2 - 157*x + 1902. What is h(10)?
-168
Let z(o) = o**3 + 45*o**2 + 475*o + 11. Calculate z(-28).
39
Let m(c) = -2*c**3 - 415*c**2 - 1018*c + 1424. Calculate m(-205).
-11
Let c(g) = g**2 - 28*g + 287. What is c(28)?
287
Let w(x) = -3*x**3 - 59*x**2 + 100*x + 32. Determine w(2).
-28
Let f(g) = -204*g**3 + 242*g**2 - 227*g - 15. What is f(1)?
-204
Let x(i) = 1180*i - 151. Determine x(1).
1029
Let q(s) = 490*s - 24011. Give q(54).
2449
Let l(g) = g**2 - 2189*g - 128040. Calculate l(-57).
-18
Let t(y) = 2*y**3 - 212*y**2 + 5225*y - 310. What is t(67)?
-377
Let s(j) = -781*j**2 - 326*j - 325. Give s(-1).
-780
Let c(g)